sor of 135474700 and 850?
850
Calculate the greatest common divisor of 2968986 and 56704.
886
What is the highest common divisor of 16383 and 95503?
43
What is the highest common divisor of 95985 and 19355?
395
What is the greatest common factor of 5355 and 19030795?
35
What is the greatest common divisor of 19483683 and 113373?
969
What is the greatest common divisor of 6478 and 706769234?
6478
What is the greatest common divisor of 585958894 and 63182?
9026
Calculate the highest common factor of 188 and 2036624.
4
What is the greatest common factor of 291 and 12765879?
291
Calculate the greatest common factor of 636546651 and 244.
61
Calculate the highest common divisor of 9588722 and 2704.
338
Calculate the greatest common factor of 1616 and 2168066.
202
Calculate the highest common divisor of 9360 and 226432.
16
What is the greatest common factor of 89152 and 79272844?
5572
What is the greatest common divisor of 576 and 18983232?
576
Calculate the greatest common factor of 2754 and 60219.
9
What is the highest common divisor of 7566182 and 26?
26
Calculate the highest common factor of 22788 and 4165140.
2532
Calculate the highest common divisor of 3437 and 108176629.
491
What is the greatest common divisor of 9324 and 1261552?
148
Calculate the greatest common factor of 12845094 and 78.
6
Calculate the highest common factor of 187 and 454828.
11
What is the highest common factor of 17750534 and 1168?
146
Calculate the greatest common factor of 11169 and 3490083.
153
Calculate the greatest common factor of 2634 and 1506.
6
What is the greatest common factor of 2700031 and 8003?
151
What is the highest common divisor of 109394 and 277439?
659
Calculate the highest common factor of 41134 and 201871.
131
Calculate the highest common divisor of 1023 and 27246923.
341
What is the highest common divisor of 99 and 1902471681?
33
Calculate the greatest common divisor of 4194876 and 132.
12
What is the highest common divisor of 9 and 11234139?
3
Calculate the highest common factor of 1264 and 46153064.
632
What is the greatest common divisor of 342325 and 76725?
25
What is the highest common factor of 3272925 and 10407675?
11325
What is the greatest common factor of 3374024 and 340?
68
Calculate the greatest common divisor of 2600139168 and 18.
18
What is the greatest common factor of 1890154 and 474?
158
What is the greatest common factor of 1633152 and 15744?
384
Calculate the highest common divisor of 457824 and 2856631.
4769
What is the highest common divisor of 6686 and 2146319662?
6686
What is the greatest common divisor of 426228 and 18678?
66
What is the greatest common factor of 36452 and 25431579?
701
Calculate the greatest common factor of 171 and 4451680791.
171
What is the greatest common divisor of 1026 and 164120784?
114
What is the highest common factor of 803721 and 6?
3
Calculate the highest common divisor of 36 and 970460220.
12
Calculate the greatest common factor of 108472 and 74987528.
8344
What is the greatest common divisor of 4711716 and 213?
3
Calculate the greatest common factor of 293296464 and 86.
86
Calculate the greatest common divisor of 1678 and 1486.
2
Calculate the highest common factor of 24 and 2912008.
8
What is the greatest common factor of 21917 and 128247?
217
Calculate the highest common factor of 3440332 and 1372.
28
What is the greatest common divisor of 83312 and 72226297?
5207
What is the greatest common factor of 180 and 20447870?
10
Calculate the greatest common divisor of 19250 and 1705.
55
Calculate the highest common factor of 410486 and 3607200.
334
Calculate the highest common divisor of 7172 and 2130304.
44
What is the greatest common divisor of 21858186 and 126?
42
Calculate the highest common divisor of 87 and 131625.
3
What is the highest common divisor of 1010505 and 2610?
435
Calculate the highest common divisor of 1196 and 12319996.
1196
What is the greatest common factor of 19540628 and 21530?
4306
Calculate the highest common factor of 283920 and 14045590.
1690
What is the greatest common divisor of 660 and 746268?
12
Calculate the greatest common divisor of 30 and 2457098790.
30
What is the highest common factor of 1113 and 524133960?
1113
What is the highest common factor of 5264 and 3332490?
14
Calculate the highest common divisor of 19460513 and 758.
379
Calculate the greatest common divisor of 2331297414 and 102.
102
Calculate the highest common factor of 22900646 and 8768.
274
What is the greatest common divisor of 539121 and 160446?
561
What is the highest common divisor of 56193668 and 8?
4
What is the highest common divisor of 4293561 and 7749?
123
What is the highest common divisor of 1 and 3561285?
1
What is the greatest common divisor of 35352874 and 2326?
2326
Calculate the highest common factor of 487 and 5688647.
487
Calculate the highest common factor of 76122 and 482922.
18
What is the highest common divisor of 929912 and 252?
4
Calculate the greatest common factor of 3640400 and 216400.
400
Calculate the greatest common divisor of 466490 and 20.
10
Calculate the greatest common factor of 35453193 and 381.
381
What is the highest common divisor of 130 and 1278370?
10
Calculate the greatest common divisor of 1900 and 17465940.
380
Calculate the highest common factor of 26513739 and 413.
7
What is the greatest common divisor of 17915683 and 101?
101
What is the greatest common factor of 35568 and 2457?
117
What is the highest common divisor of 224 and 1806672?
112
Calculate the highest common factor of 23019648 and 3020.
604
Calculate the greatest common divisor of 238000 and 944384.
1904
Calculate the highest common factor of 597413 and 2727412.
2111
Calculate the highest common factor of 113739275 and 26.
13
Calculate the greatest common divisor of 5227614 and 84.
42
Calculate the greatest common factor of 7670421 and 26631.
99
Calculate the greatest common factor of 1610 and 17533530.
70
Calculate the greatest common factor of 117051430 and 5.
5
Calculate the greatest common divisor of 5054 and 1333382.
38
Calculate the highest common divisor of 2326 and 1866784798.
2326
What is the highest common divisor of 94 and 20550421?
47
What is the highest common divisor of 135960 and 118596?
12
What is the greatest common divisor of 240108 and 26367?
561
Calculate the highest common factor of 21103472 and 75737.
1429
Calculate the highest common divisor of 31 and 7017811.
31
Calculate the highest common factor of 2 and 2234026.
2
Calculate the greatest common divisor of 5829 and 8375.
67
Calculate the highest common divisor of 109235 and 39190.
5
Calculate the greatest common factor of 69200 and 139600.
400
Calculate the greatest common divisor of 183748500 and 12.
12
Calculate the greatest common divisor of 31730 and 3872105.
95
What is the highest common factor of 13884 and 1752588?
1068
What is the highest common divisor of 1450 and 393298?
58
What is the highest common divisor of 1011582 and 26026?
286
What is the highest common divisor of 3513240 and 460?
20
What is the highest common divisor of 32897 and 123732?
491
What is the greatest common factor of 3286 and 4400047?
31
Calculate the highest common factor of 918531285 and 42.
21
What is the highest common divisor of 82260 and 51210?
90
Calculate the highest common factor of 29552252 and 1747.
1747
What is the greatest common divisor of 382 and 97510657?
191
What is the greatest common factor of 9600 and 401775?
75
Calculate the highest common factor of 5370 and 303468366.
1074
What is the highest common factor of 5489075 and 356?
89
Calculate the highest common factor of 72825053 and 2674.
1337
Calculate the highest common factor of 6190 and 180142618.
1238
What is the highest common factor of 435 and 242471610?
435
What is the highest common factor of 4802224 and 320?
16
What is the greatest common divisor of 869 and 9838265?
79
What is the greatest common divisor of 105 and 6236370?
105
Calculate the greatest common divisor of 468 and 6553638.
234
What is the greatest common divisor of 530 and 15489410?
10
Calculate the highest common divisor of 43007439 and 1971.
219
What is the highest common factor of 10585790 and 2255?
205
Calculate the highest common factor of 44872 and 1218076.
284
Calculate the highest co